+ 0*c - 2*c - 3 = 0, -4*p - 2*c = -12. Suppose n = -5*r + p*t + 55, 22 = -3*r + 5*r - 4*t. What are the prime factors of r?
11
Suppose 3*b = -4*y + 7 + 38, 3*b = 5*y - 36. Suppose -y = -f - 4. Suppose -f*m - 2*u + 33 = 0, 2*u + 10 + 2 = 4*m. List the prime factors of m.
5
Let y(q) = 6*q**2 + q - 1. Let j be y(1). Let p = j - 4. List the prime factors of p.
2
Let r = -28 + 13. List the prime factors of -4 + (0 - -2) - r.
13
Let j(s) be the second derivative of -11*s**5/10 - 3*s. Suppose -3*k - 2*l + 2 = 1, 3*l - 8 = 2*k. List the prime factors of j(k).
2, 11
Let f be ((-4)/2 - -1)*0. Suppose 5*m + f*m = 40. Let p = -3 + m. What are the prime factors of p?
5
Suppose -142 = -3*j + 5*i, -3*j + 0*j = 5*i - 182. What are the prime factors of ((-4)/12)/((-2)/j)?
3
Let j be 1 + 1 + 36/3. Let z = j + -6. List the prime factors of z.
2
Suppose 47 = 4*b + 19. Suppose 2*s - b*s + 135 = 0. What are the prime factors of s?
3
Let p = -1 - -2. Suppose 3*h = 5 + p. What are the prime factors of (1/h)/((-3)/(-42))?
7
Let u(v) = -v**2 + 8*v + 8. Let r(k) = k**2 - 1. Let m be r(3). Let s be u(m). Let n = s + -4. List the prime factors of n.
2
Suppose 0*u = -2*u + 68. Suppose -5*y - 14 = 1. List the prime factors of y/6 - u/(-4).
2
Let o(t) = -10*t**3 - t**2 + t + 1. What are the prime factors of o(-2)?
3, 5
Let g(h) = 22*h**2 + 5*h - 12. What are the prime factors of g(4)?
2, 3, 5
Let n = -21 + 9. List the prime factors of 78/4*(-8)/n.
13
Suppose -3*v + v = -j + 115, 2*j - 3*v - 228 = 0. List the prime factors of j.
3, 37
Let t(s) = -s + 10. Let a be t(6). Suppose 5*j - 181 = 4*v - 8*v, -j + a*v = -17. List the prime factors of j.
3, 11
Let i(s) = s**2 - 2*s + 2. Let a be i(7). Suppose -1 = 2*p - a. What are the prime factors of p?
2, 3
List the prime factors of 0 + 61 - (0 - -4).
3, 19
Suppose 3*l - 83 = 4*i, -4*i - 8 + 90 = 2*l. List the prime factors of l.
3, 11
Let r = -8 + 10. Suppose 0 = r*h - 0*h. Suppose -3*s + 8 = -s - 2*a, -2*a = h. What are the prime factors of s?
2
Suppose 0 = 4*q - 3*p + p + 2, -5*q = -3*p + 5. Suppose -w = -0*w - q. Let f = w + 0. What are the prime factors of f?
2
Suppose 44 = 3*w - w. What are the prime factors of w?
2, 11
Let n(b) = 4*b - 3. Let v be n(2). What are the prime factors of 26 + 4/(v - 1)?
3
Let c = 5 - 3. Let a(x) = c*x**2 + 0*x**2 + x**2 + 3 + 4*x. List the prime factors of a(-2).
7
Let v = -24 + 38. What are the prime factors of v?
2, 7
Let k(j) = 48*j + 12. List the prime factors of k(6).
2, 3, 5
Suppose 50 + 102 = 4*r. List the prime factors of r.
2, 19
Let h(m) be the first derivative of m**3/3 - 2*m - 3. List the prime factors of h(3).
7
Let u = -7 + 12. Suppose -u*b - 6 + 16 = 0. What are the prime factors of -3 + 24/b - -1?
2, 5
Suppose 0 = -l - 3*p + 14, 5*l + 2*p = -0*p + 31. Suppose l*n = -5*m + 70, 5*n - 10 = 3*m - 2*m. List the prime factors of m.
2, 5
Let w be ((-33)/(-2))/((-4)/(-8)). Suppose 5*t - 143 = -w. Let v = -12 + t. What are the prime factors of v?
2, 5
Suppose 0*j - 3*w = -4*j + 140, 5*w = -4*j + 140. List the prime factors of j.
5, 7
Let y be ((-33)/(-6))/(2/4). Let r be y/(-3) - (-18)/27. Let i(k) = -k**3 - k**2 + 4*k + 2. What are the prime factors of i(r)?
2
Let m be (-1 + 0)*-1*-10. Let q(r) = r**3 + 9*r**2 + 9*r + 1. Let t be q(-8). Let a = t - m. List the prime factors of a.
3
Let f = -1 - 0. Let a be (12 + -2 + -3)*f. Let n = a + 15. List the prime factors of n.
2
Let p be 3/1 + (-3 - -3). Suppose 0 = -3*k - 2*z - p + 13, -4*k + 13 = 3*z. What are the prime factors of k?
2
Suppose 4*b - 4*h = -212, -3*b - 2*h = -b + 106. Let p = b - -75. List the prime factors of p.
2, 11
Let v(h) = h**3 + 5*h**2 - h - 3. Let z be v(-5). Suppose 4*p - 40 = z*n, 4*p - p - 32 = n. List the prime factors of p.
2, 3
Suppose 4*k + 0*k - 916 = 0. Suppose k - 24 = 5*a. What are the prime factors of a?
41
Let t = 132 - 87. Let s = -4 + t. List the prime factors of s.
41
Let a be 438/18 + (-2)/(-3). Suppose 0 = -0*f + 5*f - a. Suppose 9 = f*r - 11, -2*r = -4*w. List the prime factors of w.
2
Suppose -2*b + 7*b = -10. Let d be ((-15)/6 - b)*2. What are the prime factors of 11 - (d - 0/3)?
2, 3
Let m(k) = 8*k + 1 + 5*k**2 - 5*k - 4*k**2. Let t be m(3). Suppose 5*x = 2*s - t, -2*s + 5*s + x = 37. What are the prime factors of s?
2, 3
Suppose f - 21 + 6 = 0. List the prime factors of f.
3, 5
Suppose 16 = -2*s + 88. List the prime factors of s.
2, 3
Suppose -5*o + 40 = -0*o. Suppose -4*h = -o*h + 24. List the prime factors of h.
2, 3
Suppose -2 = -2*x, -h - 5*x = -4*h + 106. What are the prime factors of h?
37
Let i(g) = -g**3 + 8*g**2 - 5*g + 1. What are the prime factors of i(3)?
31
Let c = -7 - -6. List the prime factors of 0*c/2 + 29.
29
Suppose -s = -6*s + 40. Suppose 2*y = -m + s + 2, -m + 2*y = -2. List the prime factors of m.
2, 3
Suppose 307 - 87 = 4*l. What are the prime factors of l?
5, 11
Let x(p) = 8*p**2 + p. Let w be x(-1). Suppose w*b - 3*c + 3 = 4*b, -3 = -b - 3*c. What are the prime factors of 1 - (0 + b) - -7?
2
Let s(r) = r**2 + 9*r + 3. Let a be s(-9). Suppose o - a = 12. What are the prime factors of o?
3, 5
List the prime factors of -11 + 7 + 3*12.
2
Let s = -4 - -7. Suppose -s - 18 = -3*i. Suppose 0 = -5*o + 88 + i. List the prime factors of o.
19
Suppose -3 + 4 = q. Let t = 9 - q. List the prime factors of t.
2
Let s be 114/(-15) + (-2)/5. Let u = 13 + s. What are the prime factors of u?
5
What are the prime factors of 4/(-3)*120/(-10)?
2
Suppose -223 - 372 = -5*w. What are the prime factors of w?
7, 17
Let o(l) = -l**2 + 2. Let i be o(-3). Suppose -2*n - 30 = -4*n. Let d = n + i. List the prime factors of d.
2
Suppose 4*p = -12, p + 1 = l - 4. Suppose y + 3*b = 2*y - 33, l*b + 36 = y. What are the prime factors of y?
2, 3, 7
Let r(w) = -3 + 0*w**2 - w**3 + w - 3*w**2 - 5*w - w. List the prime factors of r(-4).
3, 11
Let k = 159 + -52. What are the prime factors of k?
107
Let h = -2 + 17. What are the prime factors of h?
3, 5
Suppose -5*h = 5*z + 20, 5*z + 3*h - 8*h = -20. Let u be (-762)/(-30) - z/(-10). Suppose 5*w = -4*b + 28, -4*b + u = 2*w - 3. What are the prime factors of b?
7
Let j be ((-2)/(-1))/(-2) - -1. Let p = 3 - j. What are the prime factors of p?
3
Suppose 3*r + 0*r + 15 = 0. List the prime factors of (r - -3)/((-2)/24).
2, 3
Let g be (-52)/(-16) + 1/(-4). Suppose -28 = -g*h - 4. Let d = h + 2. List the prime factors of d.
2, 5
Let y(j) = -j**2 - 2*j + 51. What are the prime factors of y(0)?
3, 17
Suppose -3*p + 5 = j - 4, -p = 2*j - 33. Let d(r) = -r**3 - 15*r**2 + 15*r - 21. Let h be d(-16). Let t = h + j. List the prime factors of t.
13
Let b(z) = z**3 + 3*z**2 - z - 3. Let g = 0 - 3. Let r be b(g). What are the prime factors of (r - -3)/3 + 3?
2
Let p = 1 + 37. What are the prime factors of p?
2, 19
Let c = 38 - 8. List the prime factors of c.
2, 3, 5
Suppose -3*z + 5838 = 19683. List the prime factors of z/(-91) - (-2)/7.
3, 17
Let i(a) = 12*a**3 + a**2 + a. Let s be i(-1). Suppose -3*q - 2*b = q + 20, -5*q - 20 = 5*b. Let c = q - s. What are the prime factors of c?
2, 3
Let u(r) = -55*r - 70. What are the prime factors of u(-6)?
2, 5, 13
Let r be 19 - 1/(3/(-6)). Let w be (-2)/7 + 48/r. Suppose 0 = -u + 2*o + w, 3*u + 2*o = -0*u + 30. List the prime factors of u.
2
Let t(n) = -n**2 + 16*n - 8. Let m(x) = 2*x**2 - 31*x + 15. Let l(q) = -4*m(q) - 7*t(q). Let p be l(12). What are the prime factors of 11*(-2)/p*2?
11
Suppose 3*g - 68 = 28. List the prime factors of g.
2
Let g(d) = d**3 + 3*d**2 - 2*d - 2. Suppose a + 2*m + 13 = 0, 37 = -4*a - 2*m - 3*m. List the prime factors of g(a).
2
Suppose -3*h = -3*b - 3, 3*b - 3 - 2 = -h. Let j(i) = 3*i + 4*i - 2 - 4*i. What are the prime factors of j(h)?
2
Suppose 0 = -0*q + 3*q. Suppose -6 = -n - q. What are the prime factors of n?
2, 3
Let b = 217 - -77. What are the prime factors of b?
2, 3, 7
Suppose 4*q = -4*m - 16, 2*m + 2*m + 10 = -2*q. Let b be ((-3)/(-9))/(2/18). Let c = b + m. List the prime factors of c.
2
Let d(p) = 4*p - 5. Suppose 0 = -2*o - o. Let j be ((-20)/2)/(-2 + o). What are the prime factors of d(j)?
3, 5
Suppose 2*w - 4*w = 94. Let y = w - -78. What are the prime factors of y?
31
Let v(c) = c**3 + 6*c**2 + 2*c - 4. List the prime factors of v(-4).
2, 5
Let d(w) = 2*w**2 - 4*w. What are the prime factors 